1.
337
Calculate the greatest common divisor of 96 and 419302392.
24
Calculate the greatest common factor of 22600 and 9375610.
1130
Calculate the greatest common divisor of 11304 and 2248.
8
What is the greatest common divisor of 10562070 and 60?
30
Calculate the highest common divisor of 9418 and 270079.
17
Calculate the highest common factor of 165044576 and 32.
32
Calculate the greatest common factor of 918 and 1028646.
54
What is the greatest common factor of 51750 and 10746?
18
Calculate the highest common factor of 5 and 3360215.
5
Calculate the greatest common factor of 5343480 and 13605.
15
Calculate the highest common divisor of 39872245 and 2119.
163
What is the highest common factor of 68730 and 120147?
87
Calculate the highest common factor of 289848 and 4139624.
7432
Calculate the greatest common divisor of 8973 and 1523547.
9
What is the highest common factor of 94725 and 142200?
225
Calculate the highest common factor of 244 and 7352032.
4
What is the greatest common factor of 1216 and 1426900?
76
What is the highest common divisor of 22960 and 3474135?
1435
What is the highest common factor of 3099688 and 2546?
134
Calculate the greatest common divisor of 488411 and 544082.
77
Calculate the greatest common factor of 2385117 and 45588.
393
Calculate the greatest common divisor of 15614572 and 472.
4
What is the highest common divisor of 1170 and 411327540?
1170
What is the greatest common factor of 32768748 and 144?
36
What is the highest common divisor of 9173251 and 3944?
493
What is the highest common factor of 1728 and 59733952?
64
Calculate the highest common factor of 2528 and 7655542400.
2528
Calculate the highest common factor of 440 and 8039120.
40
Calculate the greatest common factor of 282 and 154746654.
282
What is the greatest common factor of 539964 and 37461276?
10188
Calculate the highest common divisor of 893 and 1212523.
19
Calculate the greatest common factor of 675 and 449712.
27
Calculate the highest common factor of 38907 and 585684.
297
What is the greatest common divisor of 13002 and 542538?
1182
Calculate the highest common factor of 118 and 104595082.
118
What is the highest common factor of 2380 and 78049720?
2380
What is the greatest common factor of 1161 and 5156259?
129
What is the highest common divisor of 248 and 7592086?
62
Calculate the highest common divisor of 92907 and 3483.
81
Calculate the greatest common divisor of 22 and 47331581.
11
Calculate the highest common factor of 2552 and 139432.
232
What is the highest common divisor of 7821564 and 5111022?
10002
What is the highest common factor of 2476 and 45831998?
1238
What is the highest common factor of 5360 and 3345040?
80
What is the greatest common divisor of 2687238242 and 26?
26
Calculate the greatest common factor of 344 and 626728.
8
What is the greatest common divisor of 17624230 and 1820?
130
Calculate the highest common factor of 323153 and 884.
17
Calculate the highest common factor of 10255 and 74997745.
1465
What is the greatest common factor of 8177142 and 40851?
267
What is the greatest common factor of 1045720 and 31720?
520
Calculate the highest common factor of 241275 and 46939247.
3217
What is the greatest common factor of 130 and 66251315?
65
Calculate the highest common factor of 3964977 and 9558.
1593
Calculate the highest common divisor of 1208945 and 4300.
215
Calculate the highest common factor of 117 and 13951743.
39
What is the greatest common divisor of 11118445 and 3250?
65
What is the highest common divisor of 1528241 and 793?
13
What is the highest common factor of 7424721 and 88527?
3849
Calculate the highest common divisor of 206 and 1075519.
1
What is the highest common divisor of 88852 and 22892?
388
Calculate the highest common factor of 100660 and 23060.
20
What is the greatest common factor of 325102 and 3710?
106
Calculate the greatest common divisor of 68101 and 2273491.
451
Calculate the highest common factor of 2368080 and 207504.
1584
What is the greatest common divisor of 615503736 and 120?
24
What is the highest common factor of 163718075 and 1135?
1135
Calculate the highest common divisor of 260280 and 131760.
1080
What is the greatest common factor of 8379552 and 167262?
2742
Calculate the highest common factor of 72228786 and 7728.
966
What is the greatest common factor of 15568 and 209280?
16
What is the highest common divisor of 1817964 and 6480?
324
Calculate the greatest common factor of 410770 and 30.
10
Calculate the greatest common divisor of 96 and 48040816.
16
Calculate the greatest common factor of 5885504 and 64.
64
Calculate the greatest common factor of 703117 and 101.
1
Calculate the highest common factor of 109777839 and 817.
817
What is the greatest common divisor of 400 and 1307990?
10
Calculate the greatest common divisor of 371454 and 288.
6
What is the highest common factor of 1067973 and 2487445?
1123
Calculate the greatest common factor of 33320 and 2225195.
35
Calculate the highest common factor of 28455 and 10458.
21
Calculate the highest common factor of 14946 and 761610.
318
Calculate the greatest common factor of 562684995 and 3105.
3105
What is the highest common factor of 6634000 and 1116?
124
Calculate the highest common divisor of 520 and 20085455.
65
What is the greatest common factor of 795861 and 8811?
99
What is the greatest common factor of 1416774 and 246?
6
Calculate the greatest common factor of 4914372 and 27666.
318
Calculate the greatest common divisor of 6356 and 283654.
14
What is the highest common divisor of 33175840 and 833?
17
Calculate the greatest common divisor of 300 and 36800.
100
Calculate the highest common divisor of 953515 and 2185.
95
What is the highest common factor of 47705931 and 13?
13
What is the highest common divisor of 370224 and 806437?
857
Calculate the highest common divisor of 2250 and 314951625.
1125
What is the highest common divisor of 19717029 and 64440?
1611
Calculate the highest common factor of 15444 and 93171.
39
What is the highest common divisor of 14406 and 10806?
6
Calculate the highest common divisor of 244736562 and 14735.
2947
What is the highest common divisor of 449743135 and 12860?
3215
Calculate the highest common divisor of 29370943 and 196.
49
What is the highest common divisor of 629024 and 374?
22
Calculate the greatest common divisor of 1116435648 and 32.
32
What is the highest common factor of 34398756 and 204624?
7308
What is the highest common factor of 75429088 and 88578?
9842
Calculate the greatest common factor of 324 and 186821028.
36
What is the greatest common divisor of 850 and 124061700?
50
What is the highest common factor of 334058 and 11402812?
2242
Calculate the highest common factor of 618 and 18865686.
618
What is the greatest common divisor of 7140 and 6937870?
170
Calculate the highest common factor of 3167437 and 273.
91
What is the greatest common divisor of 1135944 and 12312?
648
What is the highest common factor of 327 and 1308984?
3
What is the greatest common factor of 132295 and 145?
5
What is the greatest common divisor of 2706 and 6198?
6
What is the greatest common factor of 192 and 750966?
6
What is the greatest common divisor of 20 and 55249636?
4
Calculate the highest common divisor of 105402555 and 140985.
10845
Calculate the greatest common divisor of 360 and 20896488.
72
Calculate the greatest common factor of 5115 and 113163919.
341
Calculate the greatest common factor of 8823 and 4163232.
51
Calculate the highest common divisor of 2944 and 4410480.
368
What is the greatest common divisor of 103150 and 4450?
50
What is the greatest common factor of 1811834 and 2?
2
What is the greatest common factor of 2256 and 38747928?
1128
What is the highest common factor of 940 and 9234240?
20
Calculate the greatest common divisor of 14769436 and 88.
44
What is the highest common divisor of 13429147 and 201981?
5179
Calculate the highest common divisor of 378364 and 12362.
14
What is the highest common factor of 600 and 458416200?
600
Calculate the highest common divisor of 1859 and 935331683.
1859
Calculate the greatest common divisor of 1180 and 76486715.
295
What is the greatest common divisor of 563850 and 18970?
70
What is the highest common divisor of 13511 and 27